{"id":277,"date":"2024-04-11T07:18:03","date_gmt":"2024-04-11T05:18:03","guid":{"rendered":"https:\/\/www.brescadigital.cat\/?post_type=projecte&#038;p=277"},"modified":"2024-07-18T06:41:30","modified_gmt":"2024-07-18T04:41:30","slug":"ares","status":"publish","type":"projecte","link":"https:\/\/www.brescadigital.cat\/es\/projecte\/ares\/","title":{"rendered":"ARES"},"content":{"rendered":"\n<p>El projecte\u00a0<strong>ARES <\/strong>parteix de la sinergia de diferents companyies amb un \u00fanic objectiu: dissenyar i implementar una\u00a0<strong>soluci\u00f3 per a la gesti\u00f3 de les arts esc\u00e8niques.<\/strong><br><strong>ARES<\/strong>\u00a0es una soluci\u00f3 enfocada a l\u2019optimitzaci\u00f3 dels principals processos i tasques que realitzen les companyies d\u2019arts esc\u00e8niques per aconseguir el seu principal objectiu,\u00a0<strong>actuar<\/strong>.<\/p>\n","protected":false},"excerpt":{"rendered":"<p>Plataforma de gesti\u00f3 per a companyies d&#8217;arts esc\u00e8niques<\/p>\n","protected":false},"featured_media":296,"template":"","cat-projecte":[10,9],"class_list":["post-277","projecte","type-projecte","status-publish","has-post-thumbnail","hentry","cat-projecte-a-mida","cat-projecte-desenvolupament"],"_links":{"self":[{"href":"https:\/\/www.brescadigital.cat\/es\/wp-json\/wp\/v2\/projecte\/277","targetHints":{"allow":["GET"]}}],"collection":[{"href":"https:\/\/www.brescadigital.cat\/es\/wp-json\/wp\/v2\/projecte"}],"about":[{"href":"https:\/\/www.brescadigital.cat\/es\/wp-json\/wp\/v2\/types\/projecte"}],"wp:featuredmedia":[{"embeddable":true,"href":"https:\/\/www.brescadigital.cat\/es\/wp-json\/wp\/v2\/media\/296"}],"wp:attachment":[{"href":"https:\/\/www.brescadigital.cat\/es\/wp-json\/wp\/v2\/media?parent=277"}],"wp:term":[{"taxonomy":"cat-projecte","embeddable":true,"href":"https:\/\/www.brescadigital.cat\/es\/wp-json\/wp\/v2\/cat-projecte?post=277"}],"curies":[{"name":"wp","href":"https:\/\/api.w.org\/{rel}","templated":true}]}}

<p>El projecte <strong>ARES </strong>parteix de la sinergia de diferents companyies amb un únic objectiu: dissenyar i implementar una <strong>solució per a la gestió de les arts escèniques.</strong><br><strong>ARES</strong> es una solució enfocada a l’optimització dels principals processos i tasques que realitzen les companyies d’arts escèniques per aconseguir el seu principal objectiu, <strong>actuar</strong>.</p>

<p>Plataforma de gestió per a companyies d&#8217;arts escèniques</p>
